et s be i(-8). Let n = -9 + s. Let m(f) = -f**3 + 4*f**2 + 6*f + 12. What is the units digit of m(n)?
7
What is the ten thousands digit of ((-1)/2)/(((-3)/329836)/((-462)/(-308)))?
8
Suppose -89*g + 6 = -83*g. Suppose -91 = 3*n + 101. What is the tens digit of (80/n)/((g/12)/(-1))?
1
Let o(s) be the third derivative of -s**6/60 - 23*s**5/60 + s**4/4 - 10*s**3/3 + 102*s**2. What is the tens digit of o(-12)?
5
Let x(l) be the second derivative of 7*l**4/4 - l**3/6 + 8*l**2 - 69*l. What is the units digit of x(-5)?
6
Let r = -6983 + 8257. What is the hundreds digit of r?
2
Suppose 0*k = -s - 4*k + 173, 3*s = k + 506. What is the units digit of s?
9
What is the hundreds digit of (-2440704)/784*(-56)/6?
0
Let i(v) = 60*v - 4405. What is the thousands digit of i(107)?
2
Let g(h) be the first derivative of -h**3/3 - 25*h**2/2 + 8*h + 2. Let f be g(-16). Let z = f + -87. What is the units digit of z?
5
Let g be (-2)/((-216)/(-436) - 5/10). Suppose -20844 = 424*b - g*b. What is the thousands digit of b?
1
Suppose p = -4*u + 27, 52*p - 48*p - 5*u = 87. Suppose 0 = -p*g + 14076 + 9062. What is the units digit of g?
6
Let n(f) = -23*f - 34. Let d = 60 - 65. What is the units digit of n(d)?
1
Suppose 119*l = 20*l + 4025241. What is the thousands digit of l?
0
Let g = 44371 - 22260. What is the units digit of g?
1
Let q(r) = 14*r**3 + 12*r**2 + 29*r + 62. What is the ten thousands digit of q(9)?
1
Let b(r) = 5*r**2 + 122*r - 269. What is the units digit of b(-39)?
8
Suppose 0 = -3*m + 5*m - 24. Let p(h) = 98*h - 78. What is the tens digit of p(m)?
9
Suppose 0 = -4*n + 5 + 87. Let j = n - 25. What is the units digit of (-8)/j + -1 + -4 - -100?
9
Suppose -75551 = -2*g + 3*d, -637*g - 2*d = -641*g + 151130. What is the thousands digit of g?
7
Suppose -2*u = -3*u - 2*v + 5, -u + 4*v + 17 = 0. What is the tens digit of (147 + 3)/(u/12)?
0
Let n be 57/9 - (-10)/15. Let x be 8511/21 + (-2)/n. Suppose 0 = 2*v + j - 201, 4*j - j = -4*v + x. What is the units digit of v?
9
Suppose 174 + 30 = -4*x - 4*g, 5*x + 4*g = -252. Let k = x + 54. What is the units digit of 62/2*k*1/2?
3
Let u be 147 - ((-32)/(-14) - 12/42). Suppose 3*f = 2*r + u, -2 = r - 6. Let v = 24 + f. What is the tens digit of v?
7
Suppose 3*o + 5*b = -34, 0*b - 10 = 2*b. Let m(w) be the third derivative of w**6/120 + 7*w**5/60 + w**4/12 - w**3/3 + 741*w**2. What is the tens digit of m(o)?
2
What is the units digit of 2829 - 26 - (5 - 18)?
6
Let b = -31015 - -48878. What is the ten thousands digit of b?
1
Let k = 32 - 29. Let h(d) = -4*d**2 + 24*d + 0*d**3 - 1 + d**k - 23*d. What is the tens digit of h(6)?
7
Suppose 3*u - 434*w + 430*w = 234842, 0 = -w + 4. What is the hundreds digit of u?
2
Suppose 3*j + 2*s = -8286, 2*s = 8*j - 5*j + 8286. Let q = 3993 + j. What is the tens digit of q?
3
Suppose -b - n = -0*n - 2, -2*n = -3*b - 14. What is the tens digit of b/6 - (-5 + (-10626)/18)?
9
Let o = 20 + -18. Let u be 1*3 - (o + 4 + -5). Suppose 0*z - y = -4*z + 456, -u*z + 228 = 5*y. What is the units digit of z?
4
Let o(i) = 3240*i**3 + 3*i**2 + 29*i - 66. What is the units digit of o(2)?
4
Suppose 3*j + 3 - 11 = l, 0 = -5*l + 5*j + 10. Suppose 3*t - 272 = 5*s - l*s, t - 95 = -5*s. What is the units digit of t?
0
Let h(n) = 34*n - 2782. What is the tens digit of h(101)?
5
Suppose 0 = -2*t + 1 + 3. Suppose -2*g = t*k - 396, -3*g + 599 = 5*k - 7*k. Suppose 6*b - 89 = g. What is the tens digit of b?
4
Suppose -42*a + 187793 = -420325. What is the ten thousands digit of a?
1
Let i(r) be the third derivative of r**7/5040 + 13*r**6/240 - 11*r**5/30 + 26*r**2. Let h(v) be the third derivative of i(v). What is the tens digit of h(11)?
5
Let s be (-65)/(-9) + -5*(-12)/(-270). Suppose 14*q = -s*q + 13251. What is the tens digit of q?
3
Let s(v) = v**2 + 12*v + 22. Let d be s(-10). Suppose -693 = -7*i - d*i. Suppose -10*m + i = -9*m. What is the units digit of m?
7
Let b(t) = 94*t + 1070. What is the thousands digit of b(36)?
4
Let i = -4507 + 14382. What is the tens digit of i?
7
Let o be ((-6)/9 - (-1 + 1))*-3. Suppose 3*g = 2*u + 434, 3*g - 2*u = o*g + 150. What is the units digit of g?
2
Let l(t) = -t**2 + 20*t + 1. Let w be l(16). Let o = 76 - w. Suppose -o*v + 59 = -10*v. What is the units digit of v?
9
Let p(x) = 21*x + 56. Let i(b) = -7*b - 19. Let l(j) = -7*i(j) - 2*p(j). Let o(h) = 7*h + 22. Let q(g) = -3*l(g) + 2*o(g). What is the tens digit of q(-9)?
4
Let z(f) = 2*f**3 - 8*f**2 + 7*f + 5. Let w(v) = v**3 + v + 1. Let y(u) = -w(u) + z(u). Let g be y(7). What is the units digit of (-1250)/(-15) - (-1)/g?
3
Suppose -24 = -5*y + y. Suppose 3*q + 12 = -2*v, v = -4*q + y*v + 7. What is the units digit of 292/q*1/(-2 + 0)?
3
Let a(o) = 68*o. Suppose 2*k - 64 = -2*k. Let s = k + -15. What is the units digit of a(s)?
8
Suppose j + 16 = 60. Suppose 3*f = 3*a - 321, -3*f + 23 + 72 = a. Let l = a - j. What is the units digit of l?
0
Let p(g) = -g**3 - 84*g**2 - 342*g - 438. What is the units digit of p(-85)?
7
Suppose 0 = -653*j + 656*j - 4038. Suppose -4*q + 132 + j = 2*p, -2*p - 367 = -q. What is the hundreds digit of q?
3
Let y(d) = 4*d - 38. Let x be y(-23). Let v = -282 - x. Let i = v + 328. What is the units digit of i?
6
What is the units digit of 1511964/132 + 84/(-66) + 1?
4
Let o be 6 - (-4 - (-27)/3). Let f(c) = 418*c**2 + 3*c - 1. What is the units digit of f(o)?
0
Let j(i) = -19*i - 4. Let u be j(-11). Suppose -5*z + 5*v = -995, -z = 3*v - v - u. Suppose 2*w + z = 5*w. What is the tens digit of w?
6
Let l = 31 - 37. Let s be (-5 - (-150)/18)*l/(-4). Suppose -301 = -s*z + 4*m, -5*z + 3*m + 87 + 210 = 0. What is the units digit of z?
7
Let c(j) be the first derivative of -23*j**2 - 28*j - 45. What is the hundreds digit of c(-6)?
2
Let o(g) = 263*g**2 - 94*g - 516. What is the units digit of o(-10)?
4
Let f(r) = -r**3 - 9*r**2 - 7*r + 14. Let m be f(-8). Let s be -1*m/(-9) - 56/(-6). Suppose 0 = s*q - 3*q - 462. What is the tens digit of q?
6
Let z(y) = y**2 - 19*y - 13. Let l be z(18). Let d = l + 65. What is the tens digit of d?
3
Let y = -165 - -49. Let c = 228 + y. Let a = c - 63. What is the tens digit of a?
4
Suppose 13*d - 5*q + 3032 = 14*d, -3*q - 15104 = -5*d. What is the tens digit of d?
2
Suppose -2*v = -5*z + 23, 0 - 4 = 4*z + 4*v. What is the tens digit of (-1)/((-7)/14350) + z?
5
Let w(i) = -4 - 5*i - 1 + 4 + 51*i**2. Let u be w(3). Suppose -3*t + u = 5*s, 5*s = t + 603 - 164. What is the units digit of s?
8
Let p = -3358 + 7021. Suppose 2*a = 4*d - 3658, -a + p = 4*d - 2*a. What is the units digit of d?
7
Suppose -4*o - q + 591 = 0, 4*o - 4*q - 582 = -2*q. Let g = -104 + o. Suppose 3*l - g - 38 = 2*i, 140 = 5*l - 5*i. What is the tens digit of l?
2
Let g(d) = 45*d - 20. Let j be g(9). Suppose j = 4*c - 1007. Let r = 543 - c. What is the units digit of r?
5
Let n be (42/(-12) - -2) + (-2)/4. Let o(i) = -272*i**3 - 9*i**2 - i - 5. What is the hundreds digit of o(n)?
1
Let o be (-2 - (-144)/15)/(1/5). Suppose -5*r - 9*a + o = -13*a, 2*a + 10 = r. What is the hundreds digit of (-4 + 33/r)/((-2)/(-184))?
1
Let f(p) = 4*p**2 - p + 8. Let a be f(3). Let c = a - 54. Let k = 7 - c. What is the tens digit of k?
2
Suppose y - 3364 = -4*f, 3*y + f + f - 10042 = 0. What is the hundreds digit of y?
3
Suppose 0 = -2*o + l + 4482, 0 = -3*o + 17*l - 14*l + 6723. What is the units digit of o?
1
Suppose 5*m - 35269 = -2*w, 70593 = 1606*w - 1602*w - m. What is the units digit of w?
7
Suppose -5060 = -4*p + 2*v, -14*p + 2*v - 3802 = -17*p. Let x = p - 665. What is the units digit of x?
1
Let h(b) = -275*b + 447. Let d(n) = -552*n + 899. Let x(y) = -3*d(y) + 5*h(y). What is the units digit of x(5)?
3
Suppose 2 = 3*h - 2*h. Suppose -2*y = -5*y, h*y + 6 = 2*b. Suppose -b*x + 620 = 173. What is the units digit of x?
9
Let v be (-4065)/(4 - 7) - (7 + -8). Suppose 2*b = 5*b - 18. Suppose 0*j = -b*j + v. What is the units digit of j?
6
Let h = -11 + 13. Suppose -5*d + 10 = -5*o - 0, 2*d = 3*o + h. Suppose 4*g + 28 = d*t + 96, 3*g + 3*t = 33. What is the tens digit of g?
1
Suppose l + 2*l - 119 = -h, -2*l - 476 = -4*h. Let c be (116/6)/(h/(-42) + 3). Suppose 0*j + c = 2*j. What is the tens digit of j?
5
Suppose 763 = 2*i - g, -i = -g - 399 + 16. Let r = -118 + i. What is the hundreds digit of r?
2
Let s = -20 + 25. 